 - 6*k(o). Calculate n(7).
-3
Let q(d) = -4*d - 6. Let r(g) = -g - 1. Let z(w) = q(w) - 5*r(w). Let j(t) = 597*t - 5978. Let n be j(10). Calculate z(n).
-9
Let o(t) = 387*t - 28*t**2 + t**3 - 414*t + 0*t**3 - 2*t**3. Calculate o(-27).
0
Suppose d - 3*t - 6 = -5*t, 0 = 2*d + 3*t - 12. Let l(x) = 2*x**2 - 4*x - 11. Let c(p) = 2*p - 4. Let f(z) = 2*c(z) - l(z). Calculate f(d).
-21
Let s(c) = 66 + 54 - c**3 + 18*c**2 - 113. Let i be s(18). Let x(w) = 3*w - 2. Determine x(i).
19
Let k(u) = 8*u - 32*u + 11*u + 14*u + 2*u**3 + 5. Determine k(0).
5
Let f be -7 - -9 - (-3 + 0 + 3). Let c(o) = o + 79*o**2 + 1 + o + 96*o**2 - 243*o**f + 107*o**2. Determine c(-1).
38
Let j(c) = -c**2 + 6*c - 6. Let k(w) = -w**3 + 6*w**2 + 2*w - 6. Let z be k(6). Let g be 17/3 + 0 + (-4)/z. Give j(g).
-1
Let u(b) = -9*b**2 + 4 + 38*b**2 - 17*b**2 - b + 19*b - 6*b**2. Let z(v) = -7*v**2 - 20*v - 6. Let t(d) = -6*u(d) - 5*z(d). Calculate t(-8).
6
Let j(k) = 16*k + 111. Suppose 6*d - 52 = 4*v, -69*d + 8 = -67*d. Calculate j(v).
-1
Suppose -56*s - 65 = -69*s. Let g(d) = -3*d**3 + 13*d**2 + 12*d - 15. Calculate g(s).
-5
Suppose -r = 3*o - 3, r + 2 = 3*r + 5*o. Let a(q) be the second derivative of q**4/12 + 5*q**3/6 - 13*q**2/2 + 689*q. What is a(r)?
23
Let q be -2 + 6 - 0 - (6 + -24). Suppose q*p = 25*p + 168. Let k be (-3)/(-7) + (-536)/p. Let i(j) = j - 8. What is i(k)?
2
Suppose 5*h = -5*f + 6*f + 13, -h = -3. Let x(w) = -47 + 12*w - w**2 + w**3 + 33 + 0*w**3 - 10*w**f. Calculate x(10).
6
Let a(w) = -7*w - 22 - 8 - 3*w - 83*w**2 - 75*w**2 + 157*w**2. What is a(-4)?
-6
Let g be (-21)/14 - (-88)/16*(-4)/44. Let a(m) = 19*m - 3. What is a(g)?
-41
Let w(y) = -10*y**3 + 9*y**2 - 3*y + 7. Let k(l) = -7*l + 45*l**2 - 2*l - 19*l**2 + 20 - 28*l**3. Let i(z) = -6*k(z) + 17*w(z). Let v = -4 - -1. Give i(v).
17
Let i(g) = g**3 + 2*g**2 - 2*g - 2. Let t(j) = 5*j**3 + 7*j**2 - 5*j - 10. Let d(v) = -4*i(v) + t(v). Give d(0).
-2
Let a(b) = b**2 - 4*b - 3. Let o(m) = 4*m**3 - 3*m**2 + 4*m - 14. Let u be o(4). Let n = -206 + u. What is a(n)?
-3
Let h(r) = -r**3 + 6*r**2 - 7*r + 43. Let g(w) = 17*w - 538. Let k be g(32). What is h(k)?
1
Let o(h) = h**2 - 7*h + 5. Suppose -i = -2*t, -26*t - 24 = -26*t - 6*i. Calculate o(t).
-5
Let o(k) = 3*k**3 + 3*k**2 - 4*k - 1. Let r be (-2)/3 - (-1320)/360. Calculate o(r).
95
Let q be 7/(35/15) + 0. Let i(y) = 6*y - 4 + q + 0. Suppose -5*n - n = -12. Give i(n).
11
Let f be 6/(-4)*(-48)/18. Let c be 2/f*-2*-1. Let a(v) = -v - 1. Let h(r) = 2*r + 3. Let g(l) = -3*a(l) - h(l). Give g(c).
1
Suppose -6*d - 12 + 36 = 0. Suppose 0 = 3*i + 3, -k + 5*k - d*i = -52. Let r(q) = 5 - 5*q + 5 + 8 - 5 + 6*q. Calculate r(k).
-1
Let n = -17 - -11. Let u(s) be the third derivative of 1/24*s**4 - 52*s**2 + 0*s + 2/3*s**3 + 0. Determine u(n).
-2
Let r(t) = -t**3 + 29*t**2 + 6*t - 6. Let f be r(29). Let d = 167 - f. Let j(b) = b**2 + b. What is j(d)?
0
Suppose 27*j = 22*j - 30. Let k(s) = 8*s + 39. Let h(r) = 2*r + 9. Let a(f) = j*k(f) + 26*h(f). What is a(7)?
28
Let c(b) = b**2 - b - 6. Suppose 74 = -4*s + 2114. Let f = s + -510. Determine c(f).
-6
Let k(g) = -29*g + 219. Let i = -21931 - -21940. Calculate k(i).
-42
Let r(s) = s**3 + 94*s**2 - 198*s - 574. Let n be r(-96). Let y(u) = -17*u**2 + 6*u - 4. Calculate y(n).
-60
Let y(t) be the second derivative of -1 - 1/6*t**3 - 6*t**2 + 27*t - 1/12*t**4. Suppose 3*k = -2*k. Give y(k).
-12
Let t be 8 + (1 - 8) + (5 - 3). Let l(z) = -2*z**3 - 4 + z**t + 2*z - 4*z**2 - 4*z + 0*z**2. Let m(b) = -b**2 - b - 2. Let j be m(-2). What is l(j)?
4
Let w(l) = -5*l**3 + 4*l**2 - l + 1. Let v(o) = -4*o**3 + 4*o**2 - o. Suppose h + 2*x = -3, 3*x - 5*x + 15 = -5*h. Let f(t) = h*v(t) + 2*w(t). What is f(2)?
4
Let v = -64 + 202. Let y be ((-1)/(-1))/(6/v). Suppose -3*u + y = -5*f, -2*u - 3*f - 18 = 2*f. Let s(q) = -7*q**2 + 2*q - 1. Determine s(u).
-6
Let j be (-2)/(-1)*10/(-100)*-295. Suppose j*i - 58*i = -16. Let p(v) = -v**3 - 16*v**2 + 5. Determine p(i).
5
Let m = 119 + -112. Let p(u) = -14*u + 97. Let b be p(m). Let s(t) = -t**2 + 2*t. Calculate s(b).
-3
Let o(f) = -f**2 + 11*f + 3. Let d be (-3948)/(-588) + -3*(-6)/63. Calculate o(d).
31
Let g(u) = 19*u - 30. Suppose b - 9 = f, b = 566*f - 564*f + 13. Give g(b).
65
Let q(i) = -i + 1. Suppose -6*h = -17*h + 33. Suppose -5*j - 2*a = 31, -2*j - 2*a = -h*a + 7. Determine q(j).
6
Let i(o) = 3*o**2 - 67*o - 492. Let a be i(-6). Let y(d) = d - 72. Determine y(a).
-54
Let z be ((-3)/(-20))/((-774)/(-215)). Let u(b) be the third derivative of -18*b**2 + 0*b - z*b**4 - 1/2*b**3 + 0. What is u(3)?
-6
Let a(x) = -x**2 - 8*x - 10. Let c(t) = 4*t - 42. Let p be c(10). Let m be (-9 - p)/(1*(9 + -8)). Determine a(m).
-3
Let s be (-535)/5 + 0/(-1). Let z be (4 - (-112)/(-6))*75/(-10). Let m = s + z. Let h(c) = 9*c + 3. What is h(m)?
30
Let c(h) = 0 + 3*h**3 - 4*h**3 - 5 - h + 6*h**2. Let w be -4 + 175/21 + (-3)/9. Give c(w).
23
Let h(q) = 14*q**2. Let a(w) = w**3 + 8*w**2 - 2*w - 11. Let s be a(-8). Let r = -10 + 18. Suppose -2*t - 2*p = r, -7 = -2*t - 2*p + s*p. What is h(t)?
14
Let q(c) = 30401*c**2 - 5 + 4*c - 3 - 30406*c**2 + c**3. Give q(4).
-8
Let a(n) = -29*n + 4. Let u be a(0). Suppose d - q + 1 = 0, -u*q + 14 = 3*d - 18. Let r(o) = o**2 - 4*o. What is r(d)?
0
Suppose 3*s = 2*h - 16, 87*s - 24 = -3*h + 92*s. Let c(w) = w + 10. Give c(h).
18
Let q be ((-7)/(-4))/((-2)/8). Let l(w) = -40*w**3 - 370*w**2 - 11*w + 9. Let u(s) = 3*s**3 + 28*s**2 + s - 1. Let c(v) = -l(v) - 13*u(v). Calculate c(q).
-31
Suppose -4*x = -6*z - 52, -6*x - 3*z = -11*x + 65. Let c(h) = -4*h + 42. Determine c(x).
-10
Let g(s) = -s + 2. Let y be (-46)/(-6) - (-14)/7 - (-80)/60. Give g(y).
-9
Let x(g) be the first derivative of g**3/3 + g**2 - 3*g - 1. Suppose -4*k - 4*r = 12, -17*k = -19*k - 5*r - 9. Let l be -20 + 11 - (k + 4 - 7). Calculate x(l).
5
Let m(k) = k - 4. Suppose -3*a = 25 - 91. Let s(o) = -3*o**2 + 16*o + 14. Let n be s(6). Suppose -n*u = -2*z - 1 + 13, -4*u - a = -5*z. Give m(u).
-12
Suppose -15 = 2*c - 2*b - b, 2*b - 10 = 4*c. Suppose c*p - 7 = -p. Let n(u) = 7*u + 28. Let m(v) = 10*v + 41. Let l(q) = 5*m(q) - 7*n(q). Give l(p).
16
Suppose 9 + 7 = -3*o + 1. Let l(r) = -r**3 - 6*r**2 - 4*r + 17. Calculate l(o).
12
Suppose -30 + 4 = -13*x. Let v(y) = y**2 - 9*y - 2*y**x + 37 + 24*y - 16*y. What is v(0)?
37
Let y(h) = -2*h**2 + h. Let p(v) = 14*v**2 - 4*v - 23. Let j(m) = -p(m) - 6*y(m). Let q be j(-4). Let z(t) = 6*t**3 + t**2 - t - 1. Calculate z(q).
-5
Let f(h) = -h**3 + 10*h**2 - 25*h + 76. Let n be (-3 + 10/(120/132))*1. Give f(n).
4
Let l(i) = i**3 + 39*i**2 + 105*i - 115. Let p be l(-36). Let t(v) = -2*v**3 - 16*v**2 - 13*v + 2. What is t(p)?
-5
Suppose -6*r + 10*r = 0. Let s(p) be the first derivative of -p**3/3 + 10*p + 363. Calculate s(r).
10
Let t(i) be the first derivative of -i**4/6 + 5*i**3/2 - 25*i**2 + i + 218. Let s(x) be the second derivative of t(x). What is s(6)?
-9
Let k(z) be the first derivative of -9*z**3 + 29 + 1/2*z**2 + 0*z. Calculate k(1).
-26
Let o(a) = -a**3 + 16*a**2 + 17*a + 26. Let z(p) = 500*p - 1983. Let h be z(4). Calculate o(h).
26
Let w be (-141)/((-7332)/1352) + -22. Let c(o) = o**2 + 13. Let t(v) = -2*v**2 - v - 27. Let r(b) = -13*c(b) - 6*t(b). Determine r(w).
1
Let c(r) = -r**3 - 4*r**2 - 7*r - 4. Let j be ((-36)/6)/(-6) - 5. What is c(j)?
24
Suppose -306 = 2*u + 38. Let l = -183 - u. Let s(h) = h + 9. Calculate s(l).
-2
Let w(i) = -i + 210 + 6*i - 209. Let n(a) = 2*a + 57. Let d be n(-26). Suppose -12*p + 7 = -d. Calculate w(p).
6
Let k(b) = -b**2 + b + 1. Suppose -3*g + 3*a - 790 = 2*a, -4*g - 2*a - 1070 = 0. Let p = g - -269. Determine k(p).
-11
Let v be (-13)/(-3) + -14*12/42. Let y(h) be the third derivative of 0*h + 0 + 1/60*h**5 + v*h**3 + 1/8*h**4 - 2*h**2. Determine y(-3).
2
Let a be (11/(-3))/((-4)/(-6) + -1). Let k(f) = f + 2 + 7 - 8 - a. Calculate k(6).
-4
Let n be 188/188*(2 + -11). Let g(w) be the first derivative of w**3/3 + 4*w**2 - 5*w - 2. Calculate g(n).
4
Let g(a) = -a**3 + 2*a**2 + 3*a - 2. Let b(i) = -i**2 - 16*i**3 - 4*i + 12*i**3 + 3*i**3 - 1 + 5*i. Let f(w) = 2*b(w) - g(w). Give f(-3).
-6
Let f(m) = -m + 45. Let a be (-90)/12 + 6 + (-3)/((-36)/258). What is f(a)?
25
Let z(x) = -3*x**2 - x. Let n be z(-1). Let o(l) = 287 - 615 - 2*l**3 - l**2 + 2*l